{"id":84,"date":"2020-02-04T10:36:02","date_gmt":"2020-02-04T09:36:02","guid":{"rendered":"http:\/\/prof-stefan-schmidt.info\/?page_id=84"},"modified":"2022-07-20T14:53:22","modified_gmt":"2022-07-20T12:53:22","slug":"cv","status":"publish","type":"page","link":"https:\/\/prof-stefan-schmidt.info\/?page_id=84","title":{"rendered":"CV"},"content":{"rendered":"<p><em>Prof. Dr. phil. Stefan Schmidt, Dipl. Psych.<\/em><\/p>\n<p>Diplom in Psychologie, 1996<\/p>\n<p>Promotion in Psychologie\/Psychophysiologie, 2002<\/p>\n<p><strong>Studiengang und Beruflicher Werdegang<\/strong><\/p>\n<p>1989 &#8211; 1996: Studium der Psychologie in Konstanz und Freiburg<\/p>\n<p>1996 &#8211; 1998: Wiss. Mitarbeiter am Psychologischen Institut der Universit\u00e4t Freiburg<\/p>\n<p>1997 &#8211; 2000: Weiterbildung zum Systemischen Familienberater<\/p>\n<p>1998 &#8211; 2000: Wiss. Mitarbeiter am Institut f\u00fcr Grenzgebiete der Psychologie und Psychohygiene, Freiburg<\/p>\n<p>2000 &#8211; 2011: Wiss. Mitarbeiter am Institut f\u00fcr Umweltmedizin und Krankenhaushygiene, Universit\u00e4tsklinikum Freiburg<\/p>\n<p>2002 &#8211; 2004: Weiterbildung zum Systemischen Supervisor<\/p>\n<p>Seit 2008: Sektionsleiter der Sektion Komplement\u00e4rmedizinische Evaluationsforschung, Universit\u00e4tsklinikum Freiburg<\/p>\n<p>2009 &#8211; 2011: Stiftungsprofessur Exceptional Human Experiences, University for the Humanities, Utrecht, Niederlande<\/p>\n<p>2010 &#8211; 2016: Juniorprofessor f\u00fcr Transkulturelle Gesundheitswissenschaften, Europa-Universit\u00e4t Viadrina, Frankfurt (Oder) <a href=\"https:\/\/www.uniklinik-freiburg.de\/fileadmin\/mediapool\/07_kliniken\/psy_psychosomatik\/T%C3%A4tigkeitsbericht_Juniorprofessur_Abschluss_2016.pdf\" target=\"_blank\" rel=\"noopener noreferrer\">T\u00e4tigkeitsbericht<\/a><\/p>\n<p>2012 &#8211; 2018: Wiss. Mitarbeiter am Klinikum f\u00fcr Psychosomatische Medizin und Psychotherapie, Universit\u00e4tsklinikum Freiburg<\/p>\n<p>2013: Feststellung der Bew\u00e4hrung als Juniorprofessor<\/p>\n<p>2013 &#8211; 2021: Mitglied\/Projektleiter im DFG Sonderforschungsbereich 1015 Mu\u00dfe<\/p>\n<p>2016 &#8211; 2018: Privatdozent f\u00fcr Transkulturelle Gesundheitsforschung an der Kulturwissenschaftlichen Fakult\u00e4t, Europa-Universit\u00e4t Viadrina, Frankfurt (Oder)<\/p>\n<p>Seit 2018: W3-Stiftungsprofessur f\u00fcr Systemische Familientherapie, Klinik f\u00fcr Psychosomatische Medizin und Psychotherapie, Universit\u00e4tsklinikum Freiburg<\/p>\n<p>2021 &#8211; 2022: Institutsleiter des Instituts f\u00fcr Grenzgebiete der Psychologie und Psychohygiene (IGPP), Freiburg<\/p>\n<p><strong>Arbeitsgebiete<\/strong><\/p>\n<p>Klinische Psychologie, Neurophysiologie, Integrative Medizin, Systemische Interventionen<\/p>\n","protected":false},"excerpt":{"rendered":"<p>Prof. Dr. phil. Stefan Schmidt, Dipl. Psych. Diplom in Psychologie, 1996 Promotion in Psychologie\/Psychophysiologie, 2002 Studiengang und Beruflicher Werdegang 1989 &#8211; 1996: Studium der Psychologie in Konstanz und Freiburg 1996 &#8211; 1998: Wiss. Mitarbeiter am Psychologischen Institut der Universit\u00e4t Freiburg &hellip; <a href=\"https:\/\/prof-stefan-schmidt.info\/?page_id=84\">Weiterlesen <span class=\"meta-nav\">&rarr;<\/span><\/a><\/p>\n","protected":false},"author":1,"featured_media":0,"parent":0,"menu_order":0,"comment_status":"closed","ping_status":"closed","template":"","meta":[],"_links":{"self":[{"href":"https:\/\/prof-stefan-schmidt.info\/index.php?rest_route=\/wp\/v2\/pages\/84"}],"collection":[{"href":"https:\/\/prof-stefan-schmidt.info\/index.php?rest_route=\/wp\/v2\/pages"}],"about":[{"href":"https:\/\/prof-stefan-schmidt.info\/index.php?rest_route=\/wp\/v2\/types\/page"}],"author":[{"embeddable":true,"href":"https:\/\/prof-stefan-schmidt.info\/index.php?rest_route=\/wp\/v2\/users\/1"}],"replies":[{"embeddable":true,"href":"https:\/\/prof-stefan-schmidt.info\/index.php?rest_route=%2Fwp%2Fv2%2Fcomments&post=84"}],"version-history":[{"count":4,"href":"https:\/\/prof-stefan-schmidt.info\/index.php?rest_route=\/wp\/v2\/pages\/84\/revisions"}],"predecessor-version":[{"id":347,"href":"https:\/\/prof-stefan-schmidt.info\/index.php?rest_route=\/wp\/v2\/pages\/84\/revisions\/347"}],"wp:attachment":[{"href":"https:\/\/prof-stefan-schmidt.info\/index.php?rest_route=%2Fwp%2Fv2%2Fmedia&parent=84"}],"curies":[{"name":"wp","href":"https:\/\/api.w.org\/{rel}","templated":true}]}}

<p><em>Prof. Dr. phil. Stefan Schmidt, Dipl. Psych.</em></p>
<p>Diplom in Psychologie, 1996</p>
<p>Promotion in Psychologie/Psychophysiologie, 2002</p>
<p><strong>Studiengang und Beruflicher Werdegang</strong></p>
<p>1989 &#8211; 1996: Studium der Psychologie in Konstanz und Freiburg</p>
<p>1996 &#8211; 1998: Wiss. Mitarbeiter am Psychologischen Institut der Universität Freiburg</p>
<p>1997 &#8211; 2000: Weiterbildung zum Systemischen Familienberater</p>
<p>1998 &#8211; 2000: Wiss. Mitarbeiter am Institut für Grenzgebiete der Psychologie und Psychohygiene, Freiburg</p>
<p>2000 &#8211; 2011: Wiss. Mitarbeiter am Institut für Umweltmedizin und Krankenhaushygiene, Universitätsklinikum Freiburg</p>
<p>2002 &#8211; 2004: Weiterbildung zum Systemischen Supervisor</p>
<p>Seit 2008: Sektionsleiter der Sektion Komplementärmedizinische Evaluationsforschung, Universitätsklinikum Freiburg</p>
<p>2009 &#8211; 2011: Stiftungsprofessur Exceptional Human Experiences, University for the Humanities, Utrecht, Niederlande</p>
<p>2010 &#8211; 2016: Juniorprofessor für Transkulturelle Gesundheitswissenschaften, Europa-Universität Viadrina, Frankfurt (Oder) <a href="https://www.uniklinik-freiburg.de/fileadmin/mediapool/07_kliniken/psy_psychosomatik/T%C3%A4tigkeitsbericht_Juniorprofessur_Abschluss_2016.pdf" target="_blank" rel="noopener noreferrer">Tätigkeitsbericht</a></p>
<p>2012 &#8211; 2018: Wiss. Mitarbeiter am Klinikum für Psychosomatische Medizin und Psychotherapie, Universitätsklinikum Freiburg</p>
<p>2013: Feststellung der Bewährung als Juniorprofessor</p>
<p>2013 &#8211; 2021: Mitglied/Projektleiter im DFG Sonderforschungsbereich 1015 Muße</p>
<p>2016 &#8211; 2018: Privatdozent für Transkulturelle Gesundheitsforschung an der Kulturwissenschaftlichen Fakultät, Europa-Universität Viadrina, Frankfurt (Oder)</p>
<p>Seit 2018: W3-Stiftungsprofessur für Systemische Familientherapie, Klinik für Psychosomatische Medizin und Psychotherapie, Universitätsklinikum Freiburg</p>
<p>2021 &#8211; 2022: Institutsleiter des Instituts für Grenzgebiete der Psychologie und Psychohygiene (IGPP), Freiburg</p>
<p><strong>Arbeitsgebiete</strong></p>
<p>Klinische Psychologie, Neurophysiologie, Integrative Medizin, Systemische Interventionen</p>

<p>Prof. Dr. phil. Stefan Schmidt, Dipl. Psych. Diplom in Psychologie, 1996 Promotion in Psychologie/Psychophysiologie, 2002 Studiengang und Beruflicher Werdegang 1989 &#8211; 1996: Studium der Psychologie in Konstanz und Freiburg 1996 &#8211; 1998: Wiss. Mitarbeiter am Psychologischen Institut der Universität Freiburg &hellip; <a href="https://prof-stefan-schmidt.info/?page_id=84">Weiterlesen <span class="meta-nav">&rarr;</span></a></p>
