{"id":82,"date":"2020-02-04T10:35:47","date_gmt":"2020-02-04T09:35:47","guid":{"rendered":"http:\/\/prof-stefan-schmidt.info\/?page_id=82"},"modified":"2023-01-26T14:53:28","modified_gmt":"2023-01-26T13:53:28","slug":"videos","status":"publish","type":"page","link":"https:\/\/prof-stefan-schmidt.info\/?page_id=82","title":{"rendered":"Videos"},"content":{"rendered":"<p><strong data-rich-text-format-boundary=\"true\">Meditation und Achtsamkeit als Demenzprophylaxe &#8211; Konzepte und Befunde:<\/strong><br data-rich-text-line-break=\"true\" \/>Vortrag mit Livestream und Aufzeichnung im Rahmen des Psychosomatischen Dienstagskolloquiums der Uniklinik Freiburg<br data-rich-text-line-break=\"true\" \/><a href=\"https:\/\/t1p.de\/uy9if\" data-type=\"URL\" data-id=\"https:\/\/t1p.de\/uy9if\">Zum Video-Podcast<\/a> Januar 2023<\/p>\n<p><strong>Bewusstes Nichtstun \u2013 ein Einblick in die Meditationsforschung <\/strong>Vortrag auf der Interdisziplin\u00e4ren Ringvorlesung \u201eCollegium generale \u2013 Was ist Bewusstsein\u201c der Universit\u00e4t Bern am 30.11.2022. <a href=\"https:\/\/dist02.opencast.unibe.ch\/static\/mh_default_org\/engage-player\/ab7854ee-94ce-4709-a864-a748ad01218e\/078e313f-c7c6-46b0-b2d5-66e1821c44fa\/concat.mp4\">Link zum Video<\/a><\/p>\n<p><strong>Mu\u00dfe im Krankenhaus? <\/strong>Eine Achtsamkeitsstudie mit Assistenz\u00e4rzt*innen<br \/>\nVortrag im Rahmen des Dienstagskolloquiums zusammen mit Prof. Anja G\u00f6ritz, Vanessa Aeschbach und Johannes Fendel am 09.02.2021<br \/>\n<a href=\"https:\/\/uni-freiburg.cloud.panopto.eu\/Panopto\/Pages\/Viewer.aspx?id=bf88946f-0b20-4b68-a893-ac5400d06c62\" target=\"_blank\" rel=\"noopener\">Video Podcast<\/a><\/p>\n<p><strong>Dem Zeitdruck entkommen. Mu\u00dfe und Achtsamkeit als Basis \u00e4rztlichen Handelns<br \/>\n<\/strong>SWR-Fernsehen, tele-akademie Beitrag vom 30.06.2019<strong><br \/>\n<\/strong><a href=\"https:\/\/www.swr.de\/wissen\/tele-akademie\/prof-248.html\" target=\"_blank\" rel=\"noopener noreferrer\">Video Podcast<\/a><\/p>\n<p><strong>Achtsamkeit im Job &#8211; Mu\u00dfetraining f\u00fcr gestresste \u00c4rzte<\/strong><br \/>\nSWR-Fernsehen, Beitrag vom 29.11.2018<br \/>\n<a href=\"https:\/\/www.swr.de\/wissen\/odysso\/aexavarticle-swr-42194.html\" target=\"_blank\" rel=\"noopener noreferrer\">Video Podcast<\/a><\/p>\n<p><strong>Nur eine Tablette? Medizinische Rituale und Systemisches Denken<br \/>\n<\/strong>Antrittsvorlesung im Rahmen der Stiftungsprofessur am 13.11.2018<br \/>\nim Audimax der Uni Freiburg<br \/>\n<a href=\"https:\/\/www.youtube.com\/watch?v=jEgnx8ku5aI&amp;feature=youtu.be\" target=\"_blank\" rel=\"noopener noreferrer\">Video Podcast<\/a><\/p>\n<p><strong>Hidden Rituals in Medicine<\/strong><br \/>\nInvited Lunch Lecture at the Freiburg Institute of Advanced Studies<br \/>\n<a href=\"https:\/\/www.frias.uni-freiburg.de\/de\/mediathek\/podcasts\/lunch-lectures\/hidden-rituals-in-medicine\" target=\"_blank\" rel=\"noopener noreferrer\">Video Podcast<\/a> in English<\/p>\n<p><strong>Hilft es denn, \u201eeinfach mal nichts zu tun&#8220;?<br \/>\n<\/strong>Forschungsergebnisse zur Auswirkung von Achtsamkeitsmeditation auf chronische Schmerzen (<a href=\"https:\/\/docplayer.org\/33086270-Hilft-es-denn-einfach-mal-nichts-zu-tun.html\" target=\"_blank\" rel=\"noopener\">Link<\/a>)<\/p>\n<p><strong> Zur Frage nach der medizinischen Wirkung von Achtsamkeit und Meditation<\/strong><br \/>\nInterview mit Prof. Stefan Schmidt f\u00fcr die Sendung &#8222;Scobel&#8220;<\/p>\n<p><strong>Achtsamkeit &#8211; Ein buddhistisches Konzept erobert die moderne Gesundheitsforschung<\/strong><br \/>\nVortrag von Prof. Stefan Schmidt im Rahmen der Vortragsreihe &#8222;Religion &#8211; Wozu? Religion und Religionen in moderner Gesellschaft&#8220;. Studium Generale Uni Freiburg WS 2012\/13 <a href=\"https:\/\/www.videoportal.uni-freiburg.de\/audio\/quotAchtsamkeitquot\/c90b5c37901803df0dfccd56b5dc40d6\" target=\"_blank\" rel=\"noopener noreferrer\">Audio Podcast<\/a><\/p>\n<p class=\"title style-scope ytd-video-primary-info-renderer\"><strong>IntraG: Symposium Andree 2014 &#8211; Teil 05 &#8211; Stefan Schmidt<\/strong><br \/>\nNutzen der Meditationsforschung f\u00fcr die \u00e4rztliche Praxis&#8220; Vortrag im Rahmen des IntraG-Symposiums zum 75. Geburtstag von Christian Andree <a href=\"https:\/\/www.youtube.com\/watch?v=qIwPDHRMmeA&amp;list=PL9F-IogpxJ7hKPXvJPliYaY02bGilQ1er&amp;index=5\" target=\"_blank\" rel=\"noopener noreferrer\">Video Podcast<\/a><\/p>\n<p><strong>Gehirn und K\u00f6rper <\/strong><br \/>\n4. Freiburger Abendvorlesung 2015 von Prof. Dr. Michael Wirsching und Prof. Dr. Stefan Schmidt am 27.07.2015 in Freiburg <a href=\"https:\/\/www.youtube.com\/watch?v=LwtRFoUNMQY\" target=\"_blank\" rel=\"noopener noreferrer\">Video Podcast<\/a><\/p>\n","protected":false},"excerpt":{"rendered":"<p>Meditation und Achtsamkeit als Demenzprophylaxe &#8211; Konzepte und Befunde:Vortrag mit Livestream und Aufzeichnung im Rahmen des Psychosomatischen Dienstagskolloquiums der Uniklinik FreiburgZum Video-Podcast Januar 2023 Bewusstes Nichtstun \u2013 ein Einblick in die Meditationsforschung Vortrag auf der Interdisziplin\u00e4ren Ringvorlesung \u201eCollegium generale \u2013 &hellip; <a href=\"https:\/\/prof-stefan-schmidt.info\/?page_id=82\">Weiterlesen <span class=\"meta-nav\">&rarr;<\/span><\/a><\/p>\n","protected":false},"author":1,"featured_media":0,"parent":0,"menu_order":0,"comment_status":"closed","ping_status":"closed","template":"","meta":[],"_links":{"self":[{"href":"https:\/\/prof-stefan-schmidt.info\/index.php?rest_route=\/wp\/v2\/pages\/82"}],"collection":[{"href":"https:\/\/prof-stefan-schmidt.info\/index.php?rest_route=\/wp\/v2\/pages"}],"about":[{"href":"https:\/\/prof-stefan-schmidt.info\/index.php?rest_route=\/wp\/v2\/types\/page"}],"author":[{"embeddable":true,"href":"https:\/\/prof-stefan-schmidt.info\/index.php?rest_route=\/wp\/v2\/users\/1"}],"replies":[{"embeddable":true,"href":"https:\/\/prof-stefan-schmidt.info\/index.php?rest_route=%2Fwp%2Fv2%2Fcomments&post=82"}],"version-history":[{"count":13,"href":"https:\/\/prof-stefan-schmidt.info\/index.php?rest_route=\/wp\/v2\/pages\/82\/revisions"}],"predecessor-version":[{"id":378,"href":"https:\/\/prof-stefan-schmidt.info\/index.php?rest_route=\/wp\/v2\/pages\/82\/revisions\/378"}],"wp:attachment":[{"href":"https:\/\/prof-stefan-schmidt.info\/index.php?rest_route=%2Fwp%2Fv2%2Fmedia&parent=82"}],"curies":[{"name":"wp","href":"https:\/\/api.w.org\/{rel}","templated":true}]}}

<p><strong data-rich-text-format-boundary="true">Meditation und Achtsamkeit als Demenzprophylaxe &#8211; Konzepte und Befunde:</strong><br data-rich-text-line-break="true" />Vortrag mit Livestream und Aufzeichnung im Rahmen des Psychosomatischen Dienstagskolloquiums der Uniklinik Freiburg<br data-rich-text-line-break="true" /><a href="https://t1p.de/uy9if" data-type="URL" data-id="https://t1p.de/uy9if">Zum Video-Podcast</a> Januar 2023</p>
<p><strong>Bewusstes Nichtstun – ein Einblick in die Meditationsforschung </strong>Vortrag auf der Interdisziplinären Ringvorlesung „Collegium generale – Was ist Bewusstsein“ der Universität Bern am 30.11.2022. <a href="https://dist02.opencast.unibe.ch/static/mh_default_org/engage-player/ab7854ee-94ce-4709-a864-a748ad01218e/078e313f-c7c6-46b0-b2d5-66e1821c44fa/concat.mp4">Link zum Video</a></p>
<p><strong>Muße im Krankenhaus? </strong>Eine Achtsamkeitsstudie mit Assistenzärzt*innen<br />
Vortrag im Rahmen des Dienstagskolloquiums zusammen mit Prof. Anja Göritz, Vanessa Aeschbach und Johannes Fendel am 09.02.2021<br />
<a href="https://uni-freiburg.cloud.panopto.eu/Panopto/Pages/Viewer.aspx?id=bf88946f-0b20-4b68-a893-ac5400d06c62" target="_blank" rel="noopener">Video Podcast</a></p>
<p><strong>Dem Zeitdruck entkommen. Muße und Achtsamkeit als Basis ärztlichen Handelns<br />
</strong>SWR-Fernsehen, tele-akademie Beitrag vom 30.06.2019<strong><br />
</strong><a href="https://www.swr.de/wissen/tele-akademie/prof-248.html" target="_blank" rel="noopener noreferrer">Video Podcast</a></p>
<p><strong>Achtsamkeit im Job &#8211; Mußetraining für gestresste Ärzte</strong><br />
SWR-Fernsehen, Beitrag vom 29.11.2018<br />
<a href="https://www.swr.de/wissen/odysso/aexavarticle-swr-42194.html" target="_blank" rel="noopener noreferrer">Video Podcast</a></p>
<p><strong>Nur eine Tablette? Medizinische Rituale und Systemisches Denken<br />
</strong>Antrittsvorlesung im Rahmen der Stiftungsprofessur am 13.11.2018<br />
im Audimax der Uni Freiburg<br />
<a href="https://www.youtube.com/watch?v=jEgnx8ku5aI&amp;feature=youtu.be" target="_blank" rel="noopener noreferrer">Video Podcast</a></p>
<p><strong>Hidden Rituals in Medicine</strong><br />
Invited Lunch Lecture at the Freiburg Institute of Advanced Studies<br />
<a href="https://www.frias.uni-freiburg.de/de/mediathek/podcasts/lunch-lectures/hidden-rituals-in-medicine" target="_blank" rel="noopener noreferrer">Video Podcast</a> in English</p>
<p><strong>Hilft es denn, „einfach mal nichts zu tun&#8220;?<br />
</strong>Forschungsergebnisse zur Auswirkung von Achtsamkeitsmeditation auf chronische Schmerzen (<a href="https://docplayer.org/33086270-Hilft-es-denn-einfach-mal-nichts-zu-tun.html" target="_blank" rel="noopener">Link</a>)</p>
<p><strong> Zur Frage nach der medizinischen Wirkung von Achtsamkeit und Meditation</strong><br />
Interview mit Prof. Stefan Schmidt für die Sendung &#8222;Scobel&#8220;</p>
<p><strong>Achtsamkeit &#8211; Ein buddhistisches Konzept erobert die moderne Gesundheitsforschung</strong><br />
Vortrag von Prof. Stefan Schmidt im Rahmen der Vortragsreihe &#8222;Religion &#8211; Wozu? Religion und Religionen in moderner Gesellschaft&#8220;. Studium Generale Uni Freiburg WS 2012/13 <a href="https://www.videoportal.uni-freiburg.de/audio/quotAchtsamkeitquot/c90b5c37901803df0dfccd56b5dc40d6" target="_blank" rel="noopener noreferrer">Audio Podcast</a></p>
<p class="title style-scope ytd-video-primary-info-renderer"><strong>IntraG: Symposium Andree 2014 &#8211; Teil 05 &#8211; Stefan Schmidt</strong><br />
Nutzen der Meditationsforschung für die ärztliche Praxis&#8220; Vortrag im Rahmen des IntraG-Symposiums zum 75. Geburtstag von Christian Andree <a href="https://www.youtube.com/watch?v=qIwPDHRMmeA&amp;list=PL9F-IogpxJ7hKPXvJPliYaY02bGilQ1er&amp;index=5" target="_blank" rel="noopener noreferrer">Video Podcast</a></p>
<p><strong>Gehirn und Körper </strong><br />
4. Freiburger Abendvorlesung 2015 von Prof. Dr. Michael Wirsching und Prof. Dr. Stefan Schmidt am 27.07.2015 in Freiburg <a href="https://www.youtube.com/watch?v=LwtRFoUNMQY" target="_blank" rel="noopener noreferrer">Video Podcast</a></p>

<p>Meditation und Achtsamkeit als Demenzprophylaxe &#8211; Konzepte und Befunde:Vortrag mit Livestream und Aufzeichnung im Rahmen des Psychosomatischen Dienstagskolloquiums der Uniklinik FreiburgZum Video-Podcast Januar 2023 Bewusstes Nichtstun – ein Einblick in die Meditationsforschung Vortrag auf der Interdisziplinären Ringvorlesung „Collegium generale – &hellip; <a href="https://prof-stefan-schmidt.info/?page_id=82">Weiterlesen <span class="meta-nav">&rarr;</span></a></p>
